{"id":12,"date":"2015-04-02T19:10:51","date_gmt":"2015-04-02T19:10:51","guid":{"rendered":"http:\/\/der-freie-geist.localhost\/italiano\/?page_id=12"},"modified":"2019-12-05T09:47:43","modified_gmt":"2019-12-05T09:47:43","slug":"informazioni-legali","status":"publish","type":"page","link":"https:\/\/edimaurer.de\/italiano\/informazioni-legali","title":{"rendered":"Informazioni legali"},"content":{"rendered":"<h2>Informazioni legali<\/h2>\n<p>Dieter Potzel<br \/>\nPostfach 1443<br \/>\n97864 Wertheim<br \/>\nGermania<\/p>\n<p>Email: info@lospiritolibero.de<\/p>\n<h2>Responsabilit\u00e0<\/h2>\n<p>Responsabile per i contenuti secondo il \u00a7 10, comma 3 del MDStV: Dieter Potzel, M.-Braun-Stra\u00dfe 4, 97828 Marktheidenfeld; Il sito non \u00e8 commerciale e pertanto non dispone di un\u2019iscrizione al registro n\u00e9 di un numero fiscale. Nonostante un accurato controllo, non ci assumiamo alcuna responsabilit\u00e0 per i contenuti dei links esterni. Per il contenuto dei siti collegati con un link la responsabilit\u00e0 \u00e8 esclusivamente dei rispettivi titolari.<\/p>\n","protected":false},"excerpt":{"rendered":"<p>Informazioni legali Dieter Potzel Postfach 1443 97864 Wertheim Germania Email: info@lospiritolibero.de Responsabilit\u00e0 Responsabile per i contenuti secondo il \u00a7 10, comma 3 del MDStV: Dieter Potzel, M.-Braun-Stra\u00dfe 4, 97828 Marktheidenfeld; Il sito non \u00e8 commerciale e pertanto non dispone di un\u2019iscrizione al registro n\u00e9 di un numero fiscale. Nonostante un accurato controllo, non ci assumiamo [&hellip;]<\/p>\n","protected":false},"author":5,"featured_media":0,"parent":0,"menu_order":0,"comment_status":"open","ping_status":"open","template":"","meta":[],"acf":[],"_links":{"self":[{"href":"https:\/\/edimaurer.de\/italiano\/wp-json\/wp\/v2\/pages\/12"}],"collection":[{"href":"https:\/\/edimaurer.de\/italiano\/wp-json\/wp\/v2\/pages"}],"about":[{"href":"https:\/\/edimaurer.de\/italiano\/wp-json\/wp\/v2\/types\/page"}],"author":[{"embeddable":true,"href":"https:\/\/edimaurer.de\/italiano\/wp-json\/wp\/v2\/users\/5"}],"replies":[{"embeddable":true,"href":"https:\/\/edimaurer.de\/italiano\/wp-json\/wp\/v2\/comments?post=12"}],"version-history":[{"count":6,"href":"https:\/\/edimaurer.de\/italiano\/wp-json\/wp\/v2\/pages\/12\/revisions"}],"predecessor-version":[{"id":113,"href":"https:\/\/edimaurer.de\/italiano\/wp-json\/wp\/v2\/pages\/12\/revisions\/113"}],"wp:attachment":[{"href":"https:\/\/edimaurer.de\/italiano\/wp-json\/wp\/v2\/media?parent=12"}],"curies":[{"name":"wp","href":"https:\/\/api.w.org\/{rel}","templated":true}]}}